{"id":7,"date":"2024-10-05T10:36:26","date_gmt":"2024-10-05T08:36:26","guid":{"rendered":"https:\/\/akupunkturorebro.se\/?page_id=7"},"modified":"2026-04-27T10:39:07","modified_gmt":"2026-04-27T08:39:07","slug":"blogg","status":"publish","type":"page","link":"https:\/\/akupunkturorebro.se\/index.php\/blogg\/","title":{"rendered":"Behandlingsomr\u00e5den akupunktur"},"content":{"rendered":"\n<p><\/p>\n\n\n\n<p><strong>Allergi:<\/strong>&nbsp;Pollen-allergi, \u00f6verk\u00e4nslighet mot dofter och f\u00f6do\u00e4mnen, kl\u00e5da.<\/p>\n\n\n\n<p><strong>Chock, trauma:<\/strong> Akupunktur kan hj\u00e4lpa b\u00e5de i h\u00e4ndelse av en akut chock, eller en chock som satt sig i kroppen efter en traumatisk h\u00e4ndelse l\u00e5ngt tillbaka i livet som \u00e4r sv\u00e5r att ta sig ur sj\u00e4lv.<\/p>\n\n\n\n<p><strong>Fobier:<\/strong> Flygr\u00e4dsla, spindelfobi etc.<\/p>\n\n\n\n<p><strong>Hudbesv\u00e4r:<\/strong>&nbsp;Acne, psoriasis, eksem.<\/p>\n\n\n\n<p><strong>Huvudv\u00e4rk och migr\u00e4n<\/strong>, sp\u00e4nningshuvudv\u00e4rk<\/p>\n\n\n\n<p><strong>Menstruationsbesv\u00e4r:<\/strong>&nbsp;PMS, oregelbunden mens, sm\u00e4rta, hum\u00f6rsv\u00e4ngningar.<\/p>\n\n\n\n<p><strong>Neurologiska besv\u00e4r<\/strong>: Essentiell tremor, skakningar etc. Akupunktur kan hj\u00e4lpa till att f\u00f6rb\u00e4ttra motorik och talet hos Parkinson-patienter och efter stroke.<\/p>\n\n\n\n<p><strong>Infertilitet:<\/strong>&nbsp;Sv\u00e5righeter att bli gravid eller sv\u00e5righeter att g\u00e5 igenom en fullg\u00e5ngen graviditet. Akupunktur kan med f\u00f6rdel anv\u00e4ndas i samband med IVF-behandling.<\/p>\n\n\n\n<p><strong>Graviditets-relaterade besv\u00e4r:<\/strong>\u00a0Foglossning, sm\u00e4rtproblematik, tr\u00f6tthet, illam\u00e5ende.<\/p>\n\n\n\n<p><strong>Klimakteriebesv\u00e4r:<\/strong>&nbsp;Svettningar\/vallningar, s\u00f6mnp\u00e5verkan, hum\u00f6rsv\u00e4ngningar.<\/p>\n\n\n\n<p><strong>P\u00e5verkat immunf\u00f6rsvar:<\/strong>\u00a0Akupunktur kan st\u00e4rka upp immunf\u00f6rsvaret, s\u00e4rskilt efter l\u00e5ngvariga och allvarliga infektioner, post-covid relaterade besv\u00e4r som smak-och luktbortfall, upprepade infektioner p\u00e5 kort tid som inte l\u00e4ker ut helt osv.<\/p>\n\n\n\n<p><strong>Mag-tarmbesv\u00e4r:<\/strong>&nbsp;IBS, kronsik tarmsjukdom, f\u00f6rstoppning, diarre, uppsvullen mage, f\u00f6rs\u00e4mrad matsm\u00e4ltning.<\/p>\n\n\n\n<p><strong>Nedst\u00e4mdhet och oro:&nbsp;<\/strong>M\u00e5nga depressiva besv\u00e4r, \u00e5ngest och oro blir lindrigare och mer hanterbara med akupunktur. Tv\u00e5ngstankar och tv\u00e5ngsbeteende brukar minska markant.<\/p>\n\n\n\n<p><strong>R\u00f6k- och snusavv\u00e4njning<\/strong>.<\/p>\n\n\n\n<p><strong>Sm\u00e4rta:<\/strong>&nbsp;Akut och l\u00e5ngvarig sm\u00e4rta i rygg, nacke, axel, armb\u00e5ge, ledsm\u00e4rta, h\u00e4lsporre, trigeminusneuralgi. Till exempel kan b\u00e5de en akut stukad vrist och ett mer l\u00e5ngvarigt problem som \u2019frozen shoulder\u2019 behandlas med akupunktur.<\/p>\n\n\n\n<p><strong>Stress:<\/strong>&nbsp;Utbr\u00e4ndhet, utmattning, hj\u00e4rtklappning, minnesp\u00e5verkan, \u201dhj\u00e4rn-dimma\u201d. Akupunktur \u00e4r en effektiv behandlingsform vid utmattning, och hj\u00e4lper personen att bygga upp b\u00e4ttre motst\u00e5ndskraft mot stress och brukar vara ett bra st\u00f6d f\u00f6r att p\u00e5 sikt kunna \u00e5terg\u00e5 till arbete.<\/p>\n\n\n\n<p><strong>S\u00f6mnbesv\u00e4r:&nbsp;<\/strong>Sv\u00e5rt att somna eller vaknar flera g\u00e5nger p\u00e5 natten, d\u00e5lig s\u00f6mnkvalit\u00e9.<\/p>\n","protected":false},"excerpt":{"rendered":"<p>Allergi:&nbsp;Pollen-allergi, \u00f6verk\u00e4nslighet mot dofter och f\u00f6do\u00e4mnen, kl\u00e5da. Chock, trauma: Akupunktur kan hj\u00e4lpa b\u00e5de i h\u00e4ndelse av en akut chock, eller en chock som satt sig &hellip; <\/p>\n","protected":false},"author":1,"featured_media":0,"parent":0,"menu_order":0,"comment_status":"closed","ping_status":"closed","template":"","meta":{"footnotes":""},"class_list":["post-7","page","type-page","status-publish","hentry","latest_post"],"yoast_head":"<!-- This site is optimized with the Yoast SEO plugin v27.4 - https:\/\/yoast.com\/product\/yoast-seo-wordpress\/ -->\n<title>Behandlingsomr\u00e5den akupunktur - AKUPUNKTUR \u00d6REBRO<\/title>\n<meta name=\"robots\" content=\"index, follow, max-snippet:-1, max-image-preview:large, max-video-preview:-1\" \/>\n<link rel=\"canonical\" href=\"https:\/\/akupunkturorebro.se\/index.php\/blogg\/\" \/>\n<meta property=\"og:locale\" content=\"sv_SE\" \/>\n<meta property=\"og:type\" content=\"article\" \/>\n<meta property=\"og:title\" content=\"Behandlingsomr\u00e5den akupunktur - AKUPUNKTUR \u00d6REBRO\" \/>\n<meta property=\"og:description\" content=\"Allergi:&nbsp;Pollen-allergi, \u00f6verk\u00e4nslighet mot dofter och f\u00f6do\u00e4mnen, kl\u00e5da. Chock, trauma: Akupunktur kan hj\u00e4lpa b\u00e5de i h\u00e4ndelse av en akut chock, eller en chock som satt sig &hellip;\" \/>\n<meta property=\"og:url\" content=\"https:\/\/akupunkturorebro.se\/index.php\/blogg\/\" \/>\n<meta property=\"og:site_name\" content=\"AKUPUNKTUR \u00d6REBRO\" \/>\n<meta property=\"article:modified_time\" content=\"2026-04-27T08:39:07+00:00\" \/>\n<meta property=\"og:image\" content=\"https:\/\/akupunkturorebro.se\/wp-content\/uploads\/2024\/11\/staende_DSC9980-768x1024.jpg\" \/>\n\t<meta property=\"og:image:width\" content=\"768\" \/>\n\t<meta property=\"og:image:height\" content=\"1024\" \/>\n\t<meta property=\"og:image:type\" content=\"image\/jpeg\" \/>\n<meta name=\"twitter:card\" content=\"summary_large_image\" \/>\n<meta name=\"twitter:label1\" content=\"Ber\u00e4knad l\u00e4stid\" \/>\n\t<meta name=\"twitter:data1\" content=\"2 minuter\" \/>\n<script type=\"application\/ld+json\" class=\"yoast-schema-graph\">{\"@context\":\"https:\\\/\\\/schema.org\",\"@graph\":[{\"@type\":\"WebPage\",\"@id\":\"https:\\\/\\\/akupunkturorebro.se\\\/index.php\\\/blogg\\\/\",\"url\":\"https:\\\/\\\/akupunkturorebro.se\\\/index.php\\\/blogg\\\/\",\"name\":\"Behandlingsomr\u00e5den akupunktur - AKUPUNKTUR \u00d6REBRO\",\"isPartOf\":{\"@id\":\"https:\\\/\\\/akupunkturorebro.se\\\/#website\"},\"datePublished\":\"2024-10-05T08:36:26+00:00\",\"dateModified\":\"2026-04-27T08:39:07+00:00\",\"breadcrumb\":{\"@id\":\"https:\\\/\\\/akupunkturorebro.se\\\/index.php\\\/blogg\\\/#breadcrumb\"},\"inLanguage\":\"sv-SE\",\"potentialAction\":[{\"@type\":\"ReadAction\",\"target\":[\"https:\\\/\\\/akupunkturorebro.se\\\/index.php\\\/blogg\\\/\"]}]},{\"@type\":\"BreadcrumbList\",\"@id\":\"https:\\\/\\\/akupunkturorebro.se\\\/index.php\\\/blogg\\\/#breadcrumb\",\"itemListElement\":[{\"@type\":\"ListItem\",\"position\":1,\"name\":\"Hem\",\"item\":\"https:\\\/\\\/akupunkturorebro.se\\\/\"},{\"@type\":\"ListItem\",\"position\":2,\"name\":\"Behandlingsomr\u00e5den akupunktur\"}]},{\"@type\":\"WebSite\",\"@id\":\"https:\\\/\\\/akupunkturorebro.se\\\/#website\",\"url\":\"https:\\\/\\\/akupunkturorebro.se\\\/\",\"name\":\"Akupunktur \u00d6rebro\",\"description\":\"\",\"publisher\":{\"@id\":\"https:\\\/\\\/akupunkturorebro.se\\\/#\\\/schema\\\/person\\\/936f7a5c8e7e1c0f9a2cee76117118f9\"},\"potentialAction\":[{\"@type\":\"SearchAction\",\"target\":{\"@type\":\"EntryPoint\",\"urlTemplate\":\"https:\\\/\\\/akupunkturorebro.se\\\/?s={search_term_string}\"},\"query-input\":{\"@type\":\"PropertyValueSpecification\",\"valueRequired\":true,\"valueName\":\"search_term_string\"}}],\"inLanguage\":\"sv-SE\"},{\"@type\":[\"Person\",\"Organization\"],\"@id\":\"https:\\\/\\\/akupunkturorebro.se\\\/#\\\/schema\\\/person\\\/936f7a5c8e7e1c0f9a2cee76117118f9\",\"name\":\"Sandrahellner\",\"image\":{\"@type\":\"ImageObject\",\"inLanguage\":\"sv-SE\",\"@id\":\"https:\\\/\\\/akupunkturorebro.se\\\/wp-content\\\/uploads\\\/2024\\\/10\\\/20231006_135521-1-1-768x768-1.jpg\",\"url\":\"https:\\\/\\\/akupunkturorebro.se\\\/wp-content\\\/uploads\\\/2024\\\/10\\\/20231006_135521-1-1-768x768-1.jpg\",\"contentUrl\":\"https:\\\/\\\/akupunkturorebro.se\\\/wp-content\\\/uploads\\\/2024\\\/10\\\/20231006_135521-1-1-768x768-1.jpg\",\"width\":768,\"height\":768,\"caption\":\"Sandrahellner\"},\"logo\":{\"@id\":\"https:\\\/\\\/akupunkturorebro.se\\\/wp-content\\\/uploads\\\/2024\\\/10\\\/20231006_135521-1-1-768x768-1.jpg\"},\"sameAs\":[\"http:\\\/\\\/akupunkturorebro.se\"]}]}<\/script>\n<!-- \/ Yoast SEO plugin. -->","yoast_head_json":{"title":"Behandlingsomr\u00e5den akupunktur - AKUPUNKTUR \u00d6REBRO","robots":{"index":"index","follow":"follow","max-snippet":"max-snippet:-1","max-image-preview":"max-image-preview:large","max-video-preview":"max-video-preview:-1"},"canonical":"https:\/\/akupunkturorebro.se\/index.php\/blogg\/","og_locale":"sv_SE","og_type":"article","og_title":"Behandlingsomr\u00e5den akupunktur - AKUPUNKTUR \u00d6REBRO","og_description":"Allergi:&nbsp;Pollen-allergi, \u00f6verk\u00e4nslighet mot dofter och f\u00f6do\u00e4mnen, kl\u00e5da. Chock, trauma: Akupunktur kan hj\u00e4lpa b\u00e5de i h\u00e4ndelse av en akut chock, eller en chock som satt sig &hellip;","og_url":"https:\/\/akupunkturorebro.se\/index.php\/blogg\/","og_site_name":"AKUPUNKTUR \u00d6REBRO","article_modified_time":"2026-04-27T08:39:07+00:00","og_image":[{"width":768,"height":1024,"url":"https:\/\/akupunkturorebro.se\/wp-content\/uploads\/2024\/11\/staende_DSC9980-768x1024.jpg","type":"image\/jpeg"}],"twitter_card":"summary_large_image","twitter_misc":{"Ber\u00e4knad l\u00e4stid":"2 minuter"},"schema":{"@context":"https:\/\/schema.org","@graph":[{"@type":"WebPage","@id":"https:\/\/akupunkturorebro.se\/index.php\/blogg\/","url":"https:\/\/akupunkturorebro.se\/index.php\/blogg\/","name":"Behandlingsomr\u00e5den akupunktur - AKUPUNKTUR \u00d6REBRO","isPartOf":{"@id":"https:\/\/akupunkturorebro.se\/#website"},"datePublished":"2024-10-05T08:36:26+00:00","dateModified":"2026-04-27T08:39:07+00:00","breadcrumb":{"@id":"https:\/\/akupunkturorebro.se\/index.php\/blogg\/#breadcrumb"},"inLanguage":"sv-SE","potentialAction":[{"@type":"ReadAction","target":["https:\/\/akupunkturorebro.se\/index.php\/blogg\/"]}]},{"@type":"BreadcrumbList","@id":"https:\/\/akupunkturorebro.se\/index.php\/blogg\/#breadcrumb","itemListElement":[{"@type":"ListItem","position":1,"name":"Hem","item":"https:\/\/akupunkturorebro.se\/"},{"@type":"ListItem","position":2,"name":"Behandlingsomr\u00e5den akupunktur"}]},{"@type":"WebSite","@id":"https:\/\/akupunkturorebro.se\/#website","url":"https:\/\/akupunkturorebro.se\/","name":"Akupunktur \u00d6rebro","description":"","publisher":{"@id":"https:\/\/akupunkturorebro.se\/#\/schema\/person\/936f7a5c8e7e1c0f9a2cee76117118f9"},"potentialAction":[{"@type":"SearchAction","target":{"@type":"EntryPoint","urlTemplate":"https:\/\/akupunkturorebro.se\/?s={search_term_string}"},"query-input":{"@type":"PropertyValueSpecification","valueRequired":true,"valueName":"search_term_string"}}],"inLanguage":"sv-SE"},{"@type":["Person","Organization"],"@id":"https:\/\/akupunkturorebro.se\/#\/schema\/person\/936f7a5c8e7e1c0f9a2cee76117118f9","name":"Sandrahellner","image":{"@type":"ImageObject","inLanguage":"sv-SE","@id":"https:\/\/akupunkturorebro.se\/wp-content\/uploads\/2024\/10\/20231006_135521-1-1-768x768-1.jpg","url":"https:\/\/akupunkturorebro.se\/wp-content\/uploads\/2024\/10\/20231006_135521-1-1-768x768-1.jpg","contentUrl":"https:\/\/akupunkturorebro.se\/wp-content\/uploads\/2024\/10\/20231006_135521-1-1-768x768-1.jpg","width":768,"height":768,"caption":"Sandrahellner"},"logo":{"@id":"https:\/\/akupunkturorebro.se\/wp-content\/uploads\/2024\/10\/20231006_135521-1-1-768x768-1.jpg"},"sameAs":["http:\/\/akupunkturorebro.se"]}]}},"jetpack_sharing_enabled":true,"_links":{"self":[{"href":"https:\/\/akupunkturorebro.se\/index.php\/wp-json\/wp\/v2\/pages\/7","targetHints":{"allow":["GET"]}}],"collection":[{"href":"https:\/\/akupunkturorebro.se\/index.php\/wp-json\/wp\/v2\/pages"}],"about":[{"href":"https:\/\/akupunkturorebro.se\/index.php\/wp-json\/wp\/v2\/types\/page"}],"author":[{"embeddable":true,"href":"https:\/\/akupunkturorebro.se\/index.php\/wp-json\/wp\/v2\/users\/1"}],"replies":[{"embeddable":true,"href":"https:\/\/akupunkturorebro.se\/index.php\/wp-json\/wp\/v2\/comments?post=7"}],"version-history":[{"count":9,"href":"https:\/\/akupunkturorebro.se\/index.php\/wp-json\/wp\/v2\/pages\/7\/revisions"}],"predecessor-version":[{"id":507,"href":"https:\/\/akupunkturorebro.se\/index.php\/wp-json\/wp\/v2\/pages\/7\/revisions\/507"}],"wp:attachment":[{"href":"https:\/\/akupunkturorebro.se\/index.php\/wp-json\/wp\/v2\/media?parent=7"}],"curies":[{"name":"wp","href":"https:\/\/api.w.org\/{rel}","templated":true}]}}